191
What are the prime factors of 102984?
2, 3, 7, 613
List the prime factors of 854.
2, 7, 61
List the prime factors of 1976.
2, 13, 19
List the prime factors of 2959.
11, 269
What are the prime factors of 1646?
2, 823
List the prime factors of 3453.
3, 1151
What are the prime factors of 4362?
2, 3, 727
What are the prime factors of 27?
3
What are the prime factors of 5725?
5, 229
What are the prime factors of 30365?
5, 6073
What are the prime factors of 6344?
2, 13, 61
What are the prime factors of 37944?
2, 3, 17, 31
What are the prime factors of 15730?
2, 5, 11, 13
List the prime factors of 1784.
2, 223
What are the prime factors of 3442?
2, 1721
List the prime factors of 1200.
2, 3, 5
List the prime factors of 10054.
2, 11, 457
What are the prime factors of 3497?
13, 269
What are the prime factors of 769?
769
What are the prime factors of 7314?
2, 3, 23, 53
List the prime factors of 262.
2, 131
List the prime factors of 42713.
11, 353
What are the prime factors of 45774?
2, 3, 2543
What are the prime factors of 19447?
19447
List the prime factors of 87179.
87179
What are the prime factors of 8359?
13, 643
List the prime factors of 95666.
2, 31, 1543
What are the prime factors of 23341?
17, 1373
What are the prime factors of 1267?
7, 181
List the prime factors of 18528.
2, 3, 193
What are the prime factors of 333?
3, 37
List the prime factors of 13332.
2, 3, 11, 101
What are the prime factors of 11468?
2, 47, 61
List the prime factors of 1915.
5, 383
List the prime factors of 6378.
2, 3, 1063
What are the prime factors of 1192?
2, 149
What are the prime factors of 3523?
13, 271
What are the prime factors of 108245?
5, 21649
What are the prime factors of 3759?
3, 7, 179
List the prime factors of 11301.
3, 3767
List the prime factors of 20490.
2, 3, 5, 683
What are the prime factors of 133698?
2, 3, 22283
List the prime factors of 100031.
67, 1493
What are the prime factors of 132?
2, 3, 11
What are the prime factors of 32840?
2, 5, 821
What are the prime factors of 63984?
2, 3, 31, 43
List the prime factors of 66657.
3, 17, 1307
What are the prime factors of 1508?
2, 13, 29
List the prime factors of 5068.
2, 7, 181
What are the prime factors of 37778?
2, 13, 1453
List the prime factors of 10949.
10949
What are the prime factors of 115876?
2, 59, 491
List the prime factors of 4114.
2, 11, 17
What are the prime factors of 77?
7, 11
What are the prime factors of 9174?
2, 3, 11, 139
List the prime factors of 8017.
8017
List the prime factors of 51779.
7, 13, 569
List the prime factors of 35164.
2, 59, 149
List the prime factors of 587.
587
What are the prime factors of 84629?
84629
List the prime factors of 53.
53
What are the prime factors of 62683?
62683
List the prime factors of 9078.
2, 3, 17, 89
List the prime factors of 80953.
80953
What are the prime factors of 94707?
3, 17, 619
What are the prime factors of 585?
3, 5, 13
List the prime factors of 4470.
2, 3, 5, 149
What are the prime factors of 20394?
2, 3, 11, 103
What are the prime factors of 47240?
2, 5, 1181
List the prime factors of 20022.
2, 3, 47, 71
List the prime factors of 3867.
3, 1289
List the prime factors of 463.
463
List the prime factors of 2004.
2, 3, 167
What are the prime factors of 27970?
2, 5, 2797
What are the prime factors of 12796?
2, 7, 457
What are the prime factors of 61292?
2, 7, 11, 199
List the prime factors of 3040.
2, 5, 19
List the prime factors of 13590.
2, 3, 5, 151
List the prime factors of 2808.
2, 3, 13
What are the prime factors of 5371?
41, 131
What are the prime factors of 767?
13, 59
What are the prime factors of 410?
2, 5, 41
List the prime factors of 92906.
2, 11, 41, 103
List the prime factors of 3454.
2, 11, 157
List the prime factors of 8305.
5, 11, 151
What are the prime factors of 4870?
2, 5, 487
List the prime factors of 884.
2, 13, 17
List the prime factors of 461.
461
List the prime factors of 6727.
7, 31
List the prime factors of 43485.
3, 5, 13, 223
What are the prime factors of 1821?
3, 607
What are the prime factors of 36578?
2, 18289
What are the prime factors of 3787?
7, 541
List the prime factors of 88107.
3, 43, 683
List the prime factors of 44826.
2, 3, 31, 241
List the prime factors of 488.
2, 61
What are the prime factors of 2062?
2, 1031
What are the prime factors of 11345?
5, 2269
List the prime factors of 79998.
2, 3, 67, 199
List the prime factors of 103346.
2, 51673
List the prime factors of 1461.
3, 487
List the prime factors of 16266.
2, 3, 2711
List the prime factors of 3366.
2, 3, 11, 17
List the prime factors of 11334.
2, 3, 1889
List the prime factors of 20257.
47, 431
List the prime factors of 40303.
41, 983
What are the prime factors of 162956?
2, 40739
What are the prime factors of 39194?
2, 19597
What are the prime factors of 2617?
2617
What are the prime factors of 3051?
3, 113
What are the prime factors of 30178?
2, 79, 191
What are the prime factors of 9938?
2, 4969
List the prime factors of 17649.
3, 37, 53
List the prime factors of 19359.
3, 239
List the prime factors of 400.
2, 5
List the prime factors of 5859.
3, 7, 31
What are the prime factors of 17029?
17029
List the prime factors of 336.
2, 3, 7
List the prime factors of 14781.
3, 13, 379
What are the prime factors of 1639?
11, 149
List the prime factors of 2354.
2, 11, 107
List the prime factors of 29578.
2, 23, 643
What are the prime factors of 71364?
2, 3, 19, 313
What are the prime factors of 5789?
7, 827
What are the prime factors of 25350?
2, 3, 5, 13
List the prime factors of 3994.
2, 1997
List the prime factors of 778.
2, 389
What are the prime factors of 1809?
3, 67
List the prime factors of 1850.
2, 5, 37
What are the prime factors of 474?
2, 3, 79
List the prime factors of 1202.
2, 601
List the prime factors of 1165.
5, 233
What are the prime factors of 48380?
2, 5, 41, 59
What are the prime factors of 4949?
7, 101
What are the prime factors of 1421?
7, 29
What are the prime factors of 9910?
2, 5, 991
What are the prime factors of 2242?
2, 19, 59
What are the prime factors of 8305?
5, 11, 151
What are the prime factors of 5736?
2, 3, 239
What are the prime factors of 92143?
92143
List the prime factors of 645.
3, 5, 43
List the prime factors of 2842.
2, 7, 29
What are the prime factors of 19680?
2, 3, 5, 41
What are the prime factors of 2320?
2, 5, 29
List the prime factors of 23076.
2, 3, 641
What are the prime factors of 307?
307
What are the prime factors of 1621?
1621
List the prime factors of 35739.
3, 11, 19
What are the prime factors of 1261?
13, 97
List the prime factors of 11431.
7, 23, 71
What are the prime factors of 32324?
2, 8081
List the prime factors of 2587.
13, 199
What are the prime factors of 750?
2, 3, 5
List the prime factors of 85776.
2, 3, 1787
List the prime factors of 15643.
15643
List the prime factors of 630.
2, 3, 5, 7
What are the prime factors of 636?
2, 3, 53
What are the prime factors of 87947?
31, 2837
List the prime factors of 3126.
2, 3, 521
List the prime factors of 49588.
2, 7, 11, 23
What are the prime factors of 13851?
3, 19
List the prime factors of 998.
2, 499
What are the prime factors of 13700?
2, 5, 137
What are the prime factors of 2434?
2, 1217
What are the prime factors of 2042?
2, 1021
What are the prime factors of 5354?
2, 2677
What are the prime factors of 28246?
2, 29, 487
List the prime factors of 620.
2, 5, 31
List the prime factors of 15344.
2, 7, 137
List the prime factors of 31338.
2, 3, 1741
What are the prime factors of 6601?
7, 23, 41
What are the prime factors of 1488?
2, 3, 31
List the prime factors of 7892.
2, 1973
List the prime factors of 1556.
2, 389
List the prime factors of 788.
2, 197
What are the prime factors of 9543?
3, 3181
What are the prime factors of 26640?
2, 3, 5, 37
List the prime factors of 7823.
7823
List the prime factors of 24465.
3, 5, 7, 233
What are the prime factors of 8863?
8863
What are the prime factors of 12784?
2, 17, 47
What are the prime factors of 3901?
47, 83
What are the prime factors of 355?
5, 71
List the prime factors of 5367.
3, 1789
List the prime factors of 7358.
2, 13, 283
What are the prime factors of 6065?
5, 1213
What are the prime factors of 31?
31
What are the prime factors of 7187?
7187
List the prime factors of 21709.
17, 127